y + 35 = 0. Let o(j) = j**3 - 6*j**2 - 10*j + 9. Let u be o(y). What is the hundreds digit of (-440)/u*18/5?
1
What is the tens digit of 8/((96/(-194240))/(4/10*-12))?
9
Let x = 667 + -389. Let k = 453 - x. What is the units digit of k?
5
Let b = -48 - -22. Let o be (b - 11)/(2/(-4)) + 1. Let l = 92 - o. What is the units digit of l?
7
Let x = 0 + -3. Let k(v) = -10*v**3 - 258 + 2182*v - 2180*v + 262. What is the hundreds digit of k(x)?
2
Let g(o) = -o**2 - 6*o - 9. Let k be g(-5). Suppose -3*m = -0*m + 1584. What is the tens digit of k/(-14) - m/14?
3
Let y = 3608 - 1422. What is the thousands digit of y?
2
Let y be 180/(-21)*(-17829)/18. Suppose 400*l - 406*l = -y. What is the tens digit of l?
1
Let n = 9623 - 4019. What is the thousands digit of n?
5
Let g = 11120 - 3589. What is the thousands digit of g?
7
Let i be ((-252)/(-66))/(21/154). Let j(o) = 18*o + 1. Let v be j(-1). Let q = i + v. What is the units digit of q?
1
Let s be (2/4)/((-5)/70). Let h(a) be the second derivative of -5*a**3/3 - a**2/2 + 2*a - 24. What is the units digit of h(s)?
9
Suppose -7*c = 20*c - 30132. Suppose c = -7*u + 11*u. What is the hundreds digit of u?
2
Suppose 0 = -2*w + 2*c + 18, -15 = -3*c - 0. Let d(z) = -z**3 + 16*z**2 - 6*z + 72. What is the units digit of d(w)?
0
Let t(i) = -6 - i**2 + 2*i**2 - 5*i - 11 - 18. Let y be t(9). Suppose -3*h + 124 = y. What is the units digit of h?
1
Let d = -259 + 255. What is the units digit of 0 + d + 3 - -530?
9
Suppose 16322 = 16*o - 5934. Suppose 8*h - 10*h - 5*r + o = 0, 0 = -5*h + 2*r + 3434. What is the hundreds digit of h?
6
Let n(h) = h**3 + 18 - 13*h**2 - 1 - 23*h - 12. What is the tens digit of n(16)?
0
Let a = 985 + 4012. What is the thousands digit of a?
4
Suppose 4*g - p - 2 - 10 = 0, 0 = 2*g + 5*p - 6. Let l be (1 + (-13)/7)/(g/(-42)). Suppose -6*o + l*o - 294 = 0. What is the units digit of o?
9
Suppose 0 = -7*s + 39654 - 11542. Suppose 0 = -4*n + 4*h + s, 2*n + 4*h - 1873 = 141. What is the units digit of n?
5
Suppose 13*f - 14*f - 16 = 0. Let q be (20/f)/(2/(-136)). Let c = 146 - q. What is the tens digit of c?
6
Let o(d) = d**3 + 5*d**2 - 14*d - 19. Let b(f) = -5*f**3 - 19*f**2 + 56*f + 75. Let v(j) = -2*b(j) - 9*o(j). What is the units digit of v(11)?
9
Let q(l) = l**3 - 9*l**2 + 7*l + 14. Let g be q(8). Let o(a) = 4*a + 0*a - 8 + a + 3. What is the units digit of o(g)?
5
Let l(w) = 22*w + 44. Let v be l(-2). Suppose v = -2*q - 4, 6*m = 9*m - 4*q - 659. What is the units digit of m?
7
Suppose -5*o + 146 = -5*l + 1, 5*l + 4*o + 163 = 0. Let n = l - -35. Suppose -x = 5*j - 41, 7*x - 5*x + n*j - 94 = 0. What is the tens digit of x?
5
Suppose 23 = 5*j + t - 852, 5*j = 2*t + 860. Let z = 39 + j. What is the hundreds digit of z?
2
Suppose -3*n + 48 = -9*n. Let p be ((-180)/n)/(-3)*228/9. Let q = -103 - p. What is the units digit of q?
7
Suppose 4*s - 3*l + 900 = 0, -1294 = 5*s + 2*l - 146. What is the units digit of ((2 + 3)*-1)/(12/s)?
5
Let q(z) = 77*z - 5. Let j be q(10). Suppose -j = -12*h + 1347. What is the hundreds digit of h?
1
Let f = 4465 - 731. Let b = f + -1672. What is the hundreds digit of b?
0
Let v = -690 + 1372. Let q = v + -1290. What is the tens digit of q/(-6) - ((-2)/3 + 1)?
0
Suppose 8*o + 180502 = 8*o + 14*o. What is the hundreds digit of o?
8
Let n be (-1290)/105 + 2/7. Let t(s) = -14*s + 2. What is the units digit of t(n)?
0
Let v(j) be the third derivative of j**5/60 - 11*j**4/24 - 26*j**3/3 + 2*j**2 + 2. What is the tens digit of v(38)?
7
Let d be (-74)/(-14) - (12/21)/2. Suppose 0 = -5*s - 5*h - 4 - 1, -4*s - h = -d. Suppose -112 - 130 = -s*u. What is the units digit of u?
1
Let s(w) = -33*w**3 + w**2 - 8*w + 5. Let b be s(-6). Suppose b = 4*z + 1749. What is the units digit of z?
7
Let v be (-12)/9 + (-336)/18. Let q = v + 22. What is the tens digit of 41 - (q - (3 + -2))?
4
Let p = 2158 + -2430. Let g(m) = -67*m - 2. Let s be g(7). Let f = p - s. What is the hundreds digit of f?
1
Let k(j) = 25*j + 52. Let v be k(-16). Let b be (-4 - -1 - v) + -2. Let f = b - 139. What is the units digit of f?
4
Suppose -4*s + 5*b + 125 = 0, -5*s + 115 = -b + 3*b. Suppose -4*l - 1060 = -4*z, 0*l - 5*l = s. What is the units digit of z?
0
Let j = 426 + -330. What is the tens digit of 930/9*7/(140/j)?
9
Let x(r) = -r**3 - 6*r**2. Let k be x(-6). Suppose 15*h + 51 = -2*h. What is the hundreds digit of k/h + -4 + 134?
1
Suppose -148*q + 128*q + 100 = 0. Suppose -8*n - q*n + 14170 = 0. What is the thousands digit of n?
1
Suppose -31*w - 54*w = -251056 - 31824. What is the tens digit of w?
2
Let r(k) = -488*k + 4003. What is the ten thousands digit of r(-61)?
3
Let k be ((-2)/6)/(11/(-132)). Suppose 0 = 5*s + k*q - 485, s - 2*q = 6*s - 475. Suppose -2*l + 109 = -s. What is the hundreds digit of l?
1
Suppose 3*z - 833 = 2*q + 317, z = -4. Let p = q + 1254. What is the tens digit of p?
7
Let u be (-89)/(-13) + (-10)/(-65). Suppose 2*y = u*y - 15. Suppose p = -y, 0*q - 102 = -3*q - 3*p. What is the units digit of q?
7
Let r(h) = 995*h + 12. Let y be r(1). Suppose -y = -0*z - 19*z. What is the units digit of z?
3
Let s be (6/12)/(3/6). Suppose q = 3*z + 2, -z + s - 7 = q. Let h(y) = 13*y**2 + 4*y + 5. What is the tens digit of h(z)?
4
Let v(d) = 2851*d - 7570. What is the ten thousands digit of v(10)?
2
Let m(t) = -t**3 + 18*t**2 - 21*t + 74. Let x(o) = 67*o + 146. Let y be x(-2). What is the units digit of m(y)?
6
What is the thousands digit of 70/21*(-222)/4*-17?
3
Suppose 3*m - 12*m = -45. Suppose -g - 2252 = -m*g. What is the tens digit of g?
6
What is the hundreds digit of (-952)/68*(105/(-6) + -1)?
2
Let g(o) = -9*o**2 - 5*o + 1. Let r(q) = -q**2 - 1. Let d(i) = -g(i) + r(i). What is the hundreds digit of d(7)?
4
What is the ten thousands digit of 7/(140/16) - (-272522)/10?
2
Let z(p) = -4*p**3 - 56*p**2 + 18*p + 124. What is the tens digit of z(-22)?
1
What is the thousands digit of ((-331810)/(-50) + -2)/(0 - (-3)/10)?
2
Let o = 742 - 1172. What is the units digit of 14484/10 + 172/o?
8
Let o(u) = -185*u - 60. What is the thousands digit of o(-22)?
4
Let c(w) = -21*w**3 - 34*w**2 - 157*w - 17. What is the hundreds digit of c(-6)?
2
What is the tens digit of 2/(5*-2) + (-1065275)/(-125) - -4?
2
What is the ten thousands digit of -6*(-20)/(-200) - 207879/(-15)?
1
Suppose 0 = -3*t - 15, 10*v = 6*v + 4*t + 36. Suppose 12*b - 285 = 9*b - 2*g, 4*b - 360 = v*g. What is the tens digit of b?
9
Let z = 12 + 44. Let m = -18 + z. Suppose -37*a + m*a - 11 = 0. What is the units digit of a?
1
Let q(t) = -4*t - 5. Let r be q(-4). Suppose -r = 3*f + 2*f + 2*s, -7 = 5*f + 4*s. What is the tens digit of ((-1530)/9)/(2 - (-9)/f)?
7
Let u = 10034 - 8146. What is the units digit of u?
8
Let k = 68 + -66. Suppose 0 = -4*t - 2*x - 2, 3*t = k*t - 4*x - 18. What is the units digit of (1/t)/(2 + (-174)/88)?
2
Suppose -3*p + 4*i - 84 = -814, 4*p = -5*i + 963. Suppose 6*f = -5*f + p. What is the tens digit of f?
2
Let c(z) = z**2 - 68*z - 225. Let r be c(0). Suppose 2*m + 3*m = -620. Let y = m - r. What is the hundreds digit of y?
1
Let r be (245826/(-12))/(-7) + (-1)/(-2). Let j = r - 1174. Suppose -249 - j = -11*z. What is the tens digit of z?
8
Suppose 0*j + 2*j - 14 = 0. Suppose -2*f + 240 = 4*g, j*f - 2*f - 3*g - 626 = 0. Suppose -f = -4*y + 276. What is the units digit of y?
0
Let c(o) = 1040*o**2 + 2*o - 2. Let y be c(1). Suppose y = -11*r + 2767. What is the units digit of r?
7
Let i = 381 + -49. Suppose 4*k = -3*d + i, -4*k - 5*d + 342 - 18 = 0. What is the units digit of k?
6
Let z be 14 + (-5)/(10/6). Suppose -4*a + 48 = b, z*b = 16*b + 5*a - 240. What is the units digit of b?
8
Suppose -5*y + 3*p - 32502 = 0, -29*p = 2*y - 25*p + 12980. What is the hundreds digit of ((y/4)/3)/(339/(-452))?
7
What is the ten thousands digit of (4 - (-255827)/117)*9?
1
Let b(q) = -q**3 + 5*q**2 + 3*q - 15. Let h be b(-10). Suppose -3*k - h = -2*n, -4 = -2*k + 2. What is the tens digit of n?
3
Let a = 38383 + -26996. What is the ten thousands digit of a?
1
Suppose 0 = 978*q - 979*q + 4. Suppose -7*c = 4*h - 11*c - 1208, q*h - 1173 = -3*c. What is the units digit of h?
7
Suppose -o = -11*o + 1340. Suppose -o + 762 = 2*k. What is the units digit of k?
4
Let c be -1 + 1*(-652)/(-2). Let y(t) = t**3 + 29*t**2 + 181*t - 34. Let g 